{"id":166,"date":"2023-03-20T20:25:10","date_gmt":"2023-03-20T20:25:10","guid":{"rendered":"https:\/\/bike-baeriswil.ch\/?page_id=166"},"modified":"2023-03-20T20:25:39","modified_gmt":"2023-03-20T20:25:39","slug":"166-2","status":"publish","type":"page","link":"https:\/\/bike-baeriswil.ch\/index.php\/166-2\/","title":{"rendered":"\u00dcber uns"},"content":{"rendered":"\n<style type=\"text\/css\" data-created_by=\"avia_inline_auto\" id=\"style-css-av-lfh9vx2b-38b8ab30b15de23a5a4f1259d9b2ab06\">\n#top .av-special-heading.av-lfh9vx2b-38b8ab30b15de23a5a4f1259d9b2ab06{\nmargin:10px 0 0 0;\npadding-bottom:10px;\n}\nbody .av-special-heading.av-lfh9vx2b-38b8ab30b15de23a5a4f1259d9b2ab06 .av-special-heading-tag .heading-char{\nfont-size:25px;\n}\n.av-special-heading.av-lfh9vx2b-38b8ab30b15de23a5a4f1259d9b2ab06 .av-subheading{\nfont-size:15px;\n}\n<\/style>\n<div  class='av-special-heading av-lfh9vx2b-38b8ab30b15de23a5a4f1259d9b2ab06 av-special-heading-h4 blockquote modern-quote  avia-builder-el-0  el_before_av_textblock  avia-builder-el-first '><h4 class='av-special-heading-tag '  itemprop=\"headline\"  >Unser Leitbild<\/h4><div class=\"special-heading-border\"><div class=\"special-heading-inner-border\"><\/div><\/div><\/div>\n<section  class='av_textblock_section av-lfh9x2mu-0c9a5a6b8aba90c5d7b2ac8dbdca3505 '   itemscope=\"itemscope\" itemtype=\"https:\/\/schema.org\/CreativeWork\" ><div class='avia_textblock'  itemprop=\"text\" ><ul>\n<li>Wir sind eine Interessensgemeinschaft von sportlich ambitionierten Hobby-Mountainbikern\/Hobby-Mountainbikerinnen.<\/li>\n<li>Wir treffen uns jeden Dienstag zu Abend-Ausfahrten.<\/li>\n<li>An einem Planungsabend gestalten wir ein Jahresprogramm mit interessanten Ein- und Mehrtages-Fahrten und anderen sportlichen und geselligen Anl\u00e4ssen.<\/li>\n<li>Jeder Biker\/jede Bikerin leistet einen Beitrag zu einem attraktiven und spassigen Biketr\u00e4ff-Jahr.<\/li>\n<li>Wir pflegen eine Kasse, die von Mitgliedern und Sponsoren gespiesen wird. Das Guthaben wird f\u00fcr die Gemeinschaft eingesetzt, es wird keine Verm\u00f6gensbildung angestrebt.<\/li>\n<li>Jeder Teilnehmer\/jede Teilnehmerin nimmt auf eigene Verantwortung und auf eigene Gefahr an Ausfl\u00fcgen oder anderen Anl\u00e4ssen teil.<br \/>\nDer Biketr\u00e4ff oder der Organisator\/die Organisatorin lehnt jede Haftung f\u00fcr Unf\u00e4lle oder Schadensf\u00e4lle ab, auch gegen\u00fcber Dritten.<\/li>\n<\/ul>\n<\/div><\/section>\n\n<style type=\"text\/css\" data-created_by=\"avia_inline_auto\" id=\"style-css-av-lfh9y451-731df1cbe31607c373526376cc23e7f8\">\n#top .av-special-heading.av-lfh9y451-731df1cbe31607c373526376cc23e7f8{\nmargin:10px 0 0 0;\npadding-bottom:10px;\n}\nbody .av-special-heading.av-lfh9y451-731df1cbe31607c373526376cc23e7f8 .av-special-heading-tag .heading-char{\nfont-size:25px;\n}\n.av-special-heading.av-lfh9y451-731df1cbe31607c373526376cc23e7f8 .av-subheading{\nfont-size:15px;\n}\n<\/style>\n<div  class='av-special-heading av-lfh9y451-731df1cbe31607c373526376cc23e7f8 av-special-heading-h4 blockquote modern-quote  avia-builder-el-2  el_after_av_textblock  el_before_av_textblock '><h4 class='av-special-heading-tag '  itemprop=\"headline\"  >Unsere Werte<\/h4><div class=\"special-heading-border\"><div class=\"special-heading-inner-border\"><\/div><\/div><\/div>\n<section  class='av_textblock_section av-lfh9ysfs-27cefa5ac348a52e8dadbcfb55997141 '   itemscope=\"itemscope\" itemtype=\"https:\/\/schema.org\/CreativeWork\" ><div class='avia_textblock'  itemprop=\"text\" ><ul>\n<li>Wir begegnen Anderen und der Natur mit R\u00fccksicht und Anstand.<\/li>\n<li>Wir pflegen eine freundschaftliche Beziehung und tauschen untereinander Erfahrungen aus.<\/li>\n<li>Wir folgen der Planung wenn immer m\u00f6glich.<\/li>\n<li>Wir sch\u00e4tzen die von unseren Kameraden\/Kameradinnen geplanten und gut vorbereiteten Anl\u00e4sse. Der Organisator\/die Organisatorin hat f\u00fcr seinen\/ihren Event das Sagen.<\/li>\n<\/ul>\n<\/div><\/section>\n\n<style type=\"text\/css\" data-created_by=\"avia_inline_auto\" id=\"style-css-av-lfh9zaw5-29e21cca3fdd410e48202c2a645b4a10\">\n#top .av-special-heading.av-lfh9zaw5-29e21cca3fdd410e48202c2a645b4a10{\npadding-bottom:10px;\n}\nbody .av-special-heading.av-lfh9zaw5-29e21cca3fdd410e48202c2a645b4a10 .av-special-heading-tag .heading-char{\nfont-size:25px;\n}\n.av-special-heading.av-lfh9zaw5-29e21cca3fdd410e48202c2a645b4a10 .av-subheading{\nfont-size:15px;\n}\n<\/style>\n<div  class='av-special-heading av-lfh9zaw5-29e21cca3fdd410e48202c2a645b4a10 av-special-heading-h4 blockquote modern-quote  avia-builder-el-4  el_after_av_textblock  el_before_av_textblock '><h4 class='av-special-heading-tag '  itemprop=\"headline\"  >Gebote<\/h4><div class=\"special-heading-border\"><div class=\"special-heading-inner-border\"><\/div><\/div><\/div>\n<section  class='av_textblock_section av-lfh9zsn1-c8ff67251fcbb935752e020d3bdbe314 '   itemscope=\"itemscope\" itemtype=\"https:\/\/schema.org\/CreativeWork\" ><div class='avia_textblock'  itemprop=\"text\" ><ul>\n<li>Ein der Tour angepasstes Bike und Ausr\u00fcstung wird vorausgesetzt.<\/li>\n<li>Wir respektieren das <a href=\"http:\/\/www.admin.ch\/ch\/d\/sr\/741_01\/index.html\" target=\"_blank\" rel=\"noopener\">Schweizer-Strassenverkehrsgesetz<\/a>.<\/li>\n<li>Wir respektieren die <a href=\"https:\/\/www.imba.com\/ride\/ride-vibes\" target=\"_blank\" rel=\"noopener\">IMBA-Regeln (Originaltext in Englisch).<\/a><br \/>\nEine 1:1 \u00dcbersetzung f\u00fcr die Schweiz gibt es keine, aber es gibt einen von Swiss Cycling herausgegeben und von den IMBA-Regeln abgeleiteten <a href=\"https:\/\/www.bikeschule-moerlialp.ch\/infos\/verhaltenskodex-mountainbiker\/\" target=\"_blank\" rel=\"noopener\">Verhaltenscodex, zum Beispiel hier<\/a>.<\/li>\n<\/ul>\n<\/div><\/section>\n","protected":false},"excerpt":{"rendered":"","protected":false},"author":1,"featured_media":0,"parent":0,"menu_order":0,"comment_status":"closed","ping_status":"closed","template":"","meta":{"footnotes":""},"class_list":["post-166","page","type-page","status-publish","hentry"],"_links":{"self":[{"href":"https:\/\/bike-baeriswil.ch\/index.php\/wp-json\/wp\/v2\/pages\/166","targetHints":{"allow":["GET"]}}],"collection":[{"href":"https:\/\/bike-baeriswil.ch\/index.php\/wp-json\/wp\/v2\/pages"}],"about":[{"href":"https:\/\/bike-baeriswil.ch\/index.php\/wp-json\/wp\/v2\/types\/page"}],"author":[{"embeddable":true,"href":"https:\/\/bike-baeriswil.ch\/index.php\/wp-json\/wp\/v2\/users\/1"}],"replies":[{"embeddable":true,"href":"https:\/\/bike-baeriswil.ch\/index.php\/wp-json\/wp\/v2\/comments?post=166"}],"version-history":[{"count":2,"href":"https:\/\/bike-baeriswil.ch\/index.php\/wp-json\/wp\/v2\/pages\/166\/revisions"}],"predecessor-version":[{"id":168,"href":"https:\/\/bike-baeriswil.ch\/index.php\/wp-json\/wp\/v2\/pages\/166\/revisions\/168"}],"wp:attachment":[{"href":"https:\/\/bike-baeriswil.ch\/index.php\/wp-json\/wp\/v2\/media?parent=166"}],"curies":[{"name":"wp","href":"https:\/\/api.w.org\/{rel}","templated":true}]}}

Über uns

<style type="text/css" data-created_by="avia_inline_auto" id="style-css-av-lfh9vx2b-38b8ab30b15de23a5a4f1259d9b2ab06">
#top .av-special-heading.av-lfh9vx2b-38b8ab30b15de23a5a4f1259d9b2ab06{
margin:10px 0 0 0;
padding-bottom:10px;
}
body .av-special-heading.av-lfh9vx2b-38b8ab30b15de23a5a4f1259d9b2ab06 .av-special-heading-tag .heading-char{
font-size:25px;
}
.av-special-heading.av-lfh9vx2b-38b8ab30b15de23a5a4f1259d9b2ab06 .av-subheading{
font-size:15px;
}
</style>
<div  class='av-special-heading av-lfh9vx2b-38b8ab30b15de23a5a4f1259d9b2ab06 av-special-heading-h4 blockquote modern-quote  avia-builder-el-0  el_before_av_textblock  avia-builder-el-first '><h4 class='av-special-heading-tag '  itemprop="headline"  >Unser Leitbild</h4><div class="special-heading-border"><div class="special-heading-inner-border"></div></div></div>
<section  class='av_textblock_section av-lfh9x2mu-0c9a5a6b8aba90c5d7b2ac8dbdca3505 '   itemscope="itemscope" itemtype="https://schema.org/CreativeWork" ><div class='avia_textblock'  itemprop="text" ><ul>
<li>Wir sind eine Interessensgemeinschaft von sportlich ambitionierten Hobby-Mountainbikern/Hobby-Mountainbikerinnen.</li>
<li>Wir treffen uns jeden Dienstag zu Abend-Ausfahrten.</li>
<li>An einem Planungsabend gestalten wir ein Jahresprogramm mit interessanten Ein- und Mehrtages-Fahrten und anderen sportlichen und geselligen Anlässen.</li>
<li>Jeder Biker/jede Bikerin leistet einen Beitrag zu einem attraktiven und spassigen Biketräff-Jahr.</li>
<li>Wir pflegen eine Kasse, die von Mitgliedern und Sponsoren gespiesen wird. Das Guthaben wird für die Gemeinschaft eingesetzt, es wird keine Vermögensbildung angestrebt.</li>
<li>Jeder Teilnehmer/jede Teilnehmerin nimmt auf eigene Verantwortung und auf eigene Gefahr an Ausflügen oder anderen Anlässen teil.<br />
Der Biketräff oder der Organisator/die Organisatorin lehnt jede Haftung für Unfälle oder Schadensfälle ab, auch gegenüber Dritten.</li>
</ul>
</div></section>

<style type="text/css" data-created_by="avia_inline_auto" id="style-css-av-lfh9y451-731df1cbe31607c373526376cc23e7f8">
#top .av-special-heading.av-lfh9y451-731df1cbe31607c373526376cc23e7f8{
margin:10px 0 0 0;
padding-bottom:10px;
}
body .av-special-heading.av-lfh9y451-731df1cbe31607c373526376cc23e7f8 .av-special-heading-tag .heading-char{
font-size:25px;
}
.av-special-heading.av-lfh9y451-731df1cbe31607c373526376cc23e7f8 .av-subheading{
font-size:15px;
}
</style>
<div  class='av-special-heading av-lfh9y451-731df1cbe31607c373526376cc23e7f8 av-special-heading-h4 blockquote modern-quote  avia-builder-el-2  el_after_av_textblock  el_before_av_textblock '><h4 class='av-special-heading-tag '  itemprop="headline"  >Unsere Werte</h4><div class="special-heading-border"><div class="special-heading-inner-border"></div></div></div>
<section  class='av_textblock_section av-lfh9ysfs-27cefa5ac348a52e8dadbcfb55997141 '   itemscope="itemscope" itemtype="https://schema.org/CreativeWork" ><div class='avia_textblock'  itemprop="text" ><ul>
<li>Wir begegnen Anderen und der Natur mit Rücksicht und Anstand.</li>
<li>Wir pflegen eine freundschaftliche Beziehung und tauschen untereinander Erfahrungen aus.</li>
<li>Wir folgen der Planung wenn immer möglich.</li>
<li>Wir schätzen die von unseren Kameraden/Kameradinnen geplanten und gut vorbereiteten Anlässe. Der Organisator/die Organisatorin hat für seinen/ihren Event das Sagen.</li>
</ul>
</div></section>

<style type="text/css" data-created_by="avia_inline_auto" id="style-css-av-lfh9zaw5-29e21cca3fdd410e48202c2a645b4a10">
#top .av-special-heading.av-lfh9zaw5-29e21cca3fdd410e48202c2a645b4a10{
padding-bottom:10px;
}
body .av-special-heading.av-lfh9zaw5-29e21cca3fdd410e48202c2a645b4a10 .av-special-heading-tag .heading-char{
font-size:25px;
}
.av-special-heading.av-lfh9zaw5-29e21cca3fdd410e48202c2a645b4a10 .av-subheading{
font-size:15px;
}
</style>
<div  class='av-special-heading av-lfh9zaw5-29e21cca3fdd410e48202c2a645b4a10 av-special-heading-h4 blockquote modern-quote  avia-builder-el-4  el_after_av_textblock  el_before_av_textblock '><h4 class='av-special-heading-tag '  itemprop="headline"  >Gebote</h4><div class="special-heading-border"><div class="special-heading-inner-border"></div></div></div>
<section  class='av_textblock_section av-lfh9zsn1-c8ff67251fcbb935752e020d3bdbe314 '   itemscope="itemscope" itemtype="https://schema.org/CreativeWork" ><div class='avia_textblock'  itemprop="text" ><ul>
<li>Ein der Tour angepasstes Bike und Ausrüstung wird vorausgesetzt.</li>
<li>Wir respektieren das <a href="http://www.admin.ch/ch/d/sr/741_01/index.html" target="_blank" rel="noopener">Schweizer-Strassenverkehrsgesetz</a>.</li>
<li>Wir respektieren die <a href="https://www.imba.com/ride/ride-vibes" target="_blank" rel="noopener">IMBA-Regeln (Originaltext in Englisch).</a><br />
Eine 1:1 Übersetzung für die Schweiz gibt es keine, aber es gibt einen von Swiss Cycling herausgegeben und von den IMBA-Regeln abgeleiteten <a href="https://www.bikeschule-moerlialp.ch/infos/verhaltenskodex-mountainbiker/" target="_blank" rel="noopener">Verhaltenscodex, zum Beispiel hier</a>.</li>
</ul>
</div></section>
